s the highest common factor of 39677 and 33?
11
Calculate the highest common divisor of 274526 and 28.
14
Calculate the highest common divisor of 15104 and 27140.
236
What is the greatest common factor of 2919 and 23709?
21
Calculate the greatest common divisor of 2301 and 47967.
177
What is the greatest common factor of 111 and 4710?
3
What is the highest common divisor of 350818 and 130?
26
What is the highest common factor of 52128 and 192?
96
What is the greatest common factor of 22762 and 2242?
38
What is the highest common divisor of 327626 and 182?
26
Calculate the greatest common factor of 71088 and 6288.
48
Calculate the greatest common factor of 54253 and 908.
227
What is the greatest common divisor of 211974 and 16686?
618
What is the highest common factor of 2241375 and 5?
5
Calculate the greatest common divisor of 81493 and 13283.
359
What is the greatest common factor of 7540 and 46980?
580
Calculate the greatest common factor of 54586 and 294.
98
Calculate the greatest common factor of 32 and 48456.
8
What is the highest common divisor of 37328 and 16?
16
Calculate the greatest common factor of 55555 and 205.
205
Calculate the highest common factor of 4 and 2869932.
4
Calculate the greatest common factor of 120 and 16455.
15
Calculate the highest common factor of 30267 and 59.
59
What is the greatest common factor of 283077 and 852?
213
Calculate the highest common divisor of 8 and 101356.
4
Calculate the highest common divisor of 17631 and 333.
9
What is the greatest common divisor of 70 and 195870?
10
What is the highest common divisor of 350 and 851795?
35
What is the greatest common factor of 2209 and 1739?
47
Calculate the greatest common divisor of 3069 and 306.
9
Calculate the highest common factor of 179 and 3473.
1
What is the highest common divisor of 275 and 2123?
11
Calculate the greatest common divisor of 1069820 and 3725.
745
Calculate the highest common factor of 649 and 531.
59
Calculate the highest common factor of 13263 and 6.
3
Calculate the highest common divisor of 273 and 52611.
39
What is the greatest common divisor of 6674 and 5112?
142
What is the highest common factor of 14 and 12397?
7
Calculate the highest common factor of 311800 and 1400.
200
Calculate the highest common factor of 1624165 and 785.
785
Calculate the greatest common divisor of 3 and 15986.
1
Calculate the greatest common factor of 34742 and 9628.
58
What is the greatest common factor of 510 and 150270?
30
What is the highest common factor of 319 and 4169?
11
Calculate the greatest common factor of 20106 and 2061.
9
Calculate the greatest common factor of 7 and 155904.
7
What is the highest common factor of 22 and 19349?
11
Calculate the highest common divisor of 2784 and 38336.
32
Calculate the greatest common factor of 59 and 8410037.
59
Calculate the highest common factor of 345 and 47127.
69
What is the highest common factor of 16184 and 74375?
119
What is the greatest common factor of 105 and 91095?
15
What is the highest common factor of 420 and 42735?
105
What is the highest common factor of 2805 and 23001?
561
What is the highest common divisor of 103219 and 443?
443
Calculate the greatest common factor of 10879 and 23.
23
What is the highest common divisor of 24446 and 323?
17
Calculate the highest common divisor of 140 and 10885.
35
Calculate the highest common divisor of 54373 and 187.
11
Calculate the greatest common divisor of 280514 and 26.
26
Calculate the greatest common divisor of 1384490 and 10.
10
Calculate the highest common factor of 367920 and 2880.
720
What is the greatest common divisor of 27776 and 1120?
224
Calculate the greatest common divisor of 69594 and 42.
42
Calculate the highest common factor of 18 and 110682.
18
Calculate the highest common factor of 14 and 10003.
7
Calculate the highest common factor of 1325029 and 3263.
251
What is the highest common factor of 4750 and 1200?
50
What is the greatest common divisor of 192 and 15216?
48
What is the greatest common factor of 158 and 124?
2
What is the highest common divisor of 14 and 799078?
14
Calculate the greatest common divisor of 600 and 53400.
600
What is the highest common factor of 51430 and 4255?
185
What is the highest common divisor of 44731 and 135284?
1091
Calculate the greatest common divisor of 57945 and 63.
3
Calculate the highest common factor of 3968 and 896.
128
Calculate the greatest common factor of 12576 and 1056.
96
What is the greatest common factor of 3075 and 7275?
75
What is the highest common factor of 94620 and 220?
20
Calculate the greatest common divisor of 14031 and 99.
9
What is the greatest common divisor of 15510 and 2970?
330
Calculate the highest common factor of 24 and 1033536.
24
What is the greatest common divisor of 1339 and 286?
13
What is the highest common divisor of 15248 and 192?
16
What is the highest common divisor of 791469 and 739?
739
What is the highest common divisor of 81064 and 6?
2
Calculate the highest common factor of 30404 and 1100.
44
What is the greatest common divisor of 3689 and 37417?
527
Calculate the highest common divisor of 220407 and 55.
11
What is the greatest common divisor of 1170 and 1119105?
585
What is the greatest common factor of 350227 and 437?
19
What is the highest common factor of 30852 and 2889?
9
Calculate the highest common factor of 95505 and 105.
15
Calculate the highest common factor of 112949 and 537.
179
What is the greatest common factor of 188786 and 822?
274
Calculate the highest common divisor of 104522 and 1.
1
What is the greatest common divisor of 3845 and 256077?
769
What is the highest common factor of 874872 and 4872?
696
Calculate the greatest common factor of 266822 and 178.
178
What is the highest common divisor of 304 and 647178?
38
What is the greatest common factor of 930 and 27714?
186
What is the greatest common divisor of 205018 and 22?
22
What is the greatest common factor of 4902 and 494?
38
What is the highest common factor of 3 and 407279?
1
What is the greatest common divisor of 56339 and 1537?
53
What is the highest common divisor of 1572 and 1854?
6
Calculate the highest common factor of 2680 and 299892.
268
Calculate the greatest common divisor of 7711 and 231.
11
What is the greatest common factor of 99 and 973071?
99
Calculate the greatest common divisor of 6 and 7919.
1
Calculate the highest common divisor of 41850 and 25947.
837
Calculate the highest common factor of 188 and 237162.
94
Calculate the greatest common divisor of 10050 and 3216.
402
What is the greatest common factor of 545195 and 740?
185
What is the greatest common factor of 480732 and 3717?
1239
Calculate the greatest common divisor of 1008044 and 644.
92
Calculate the highest common divisor of 71165 and 5805.
215
What is the highest common factor of 10112 and 512?
128
What is the greatest common factor of 1004068 and 364?
52
Calculate the highest common factor of 133005 and 15.
15
Calculate the highest common divisor of 1383 and 131846.
461
Calculate the highest common factor of 119829 and 4897.
59
Calculate the highest common factor of 450 and 22284.
18
Calculate the greatest common divisor of 128 and 1160.
8
Calculate the highest common divisor of 26 and 1881841.
13
What is the highest common divisor of 20610 and 90226?
458
What is the greatest common divisor of 11767 and 1204?
7
Calculate the highest common divisor of 5285987 and 1239.
413
Calculate the greatest common factor of 163421 and 34.
17
Calculate the highest common factor of 756651 and 64435.
1841
Calculate the highest common factor of 777 and 101535.
21
Calculate the highest common divisor of 12408 and 752.
376
Calculate the greatest common factor of 157458 and 207.
69
What is the highest common divisor of 14498 and 154?
22
What is the greatest common divisor of 1471400 and 25?
25
Calculate the greatest common divisor of 1785 and 18669.
21
What is the highest common factor of 305920 and 960?
320
What is the highest common divisor of 126621 and 231?
33
Calculate the highest common divisor of 1026 and 189.
27
Calculate the greatest common factor of 870 and 213.
3
What is the highest common factor of 1368 and 36081?
171
Calculate the greatest common factor of 12921 and 2044.
73
Calculate the highest commo